d**2 + 15. Let y(t) be the second derivative of m(t). What are the prime factors of y(2)?
41
Let g(k) = -577*k + 3560. What are the prime factors of g(-19)?
3, 47, 103
Let k = -40048 - -126786. List the prime factors of k.
2, 31, 1399
Let c(g) = -g**3 - 18*g**2 - 33*g - 19. Suppose b = 4*q - 0*q + 60, 56 = -3*q - 2*b. Let j be c(q). What are the prime factors of -165*3/30*(-1 + j)?
2, 3, 11
Let r = 26 + -21. Suppose 0 = f + 3*o - r, -o - o + 20 = 4*f. Suppose 13*t - f*t = 1240. List the prime factors of t.
5, 31
Let f be 15/(-6)*(-3 - -1). Let o be 5 - 1*(f + -9). List the prime factors of 3/(3 - 26/o).
3
Let t(v) = 7*v**2 + 8*v - 10. Let w be t(6). Suppose 5*g - 135 = -1135. Let x = g + w. List the prime factors of x.
2, 3, 5
Suppose 15*y - 11823 - 1842 = 0. Suppose -a - 2*r + 923 = 0, 30*a + r + y = 31*a. List the prime factors of a.
3, 5, 61
Suppose 4*y + 3*v + 78 = -106, -5*v = 4*y + 184. Let r = 46 + y. Suppose r*j = 3*j - 225. What are the prime factors of j?
3, 5
Let y(f) = 83*f**3 - 13*f**2 + 46*f + 15. List the prime factors of y(5).
5, 29, 71
Let k be (-39)/(-26)*((-56)/12 - -2). List the prime factors of 2965/(-100)*k*5.
593
Suppose -55 = -p + 4*a, 7*p = 4*p - 5*a + 165. Let i = -540 + 548. Suppose 48 = x + 2*z, -x - z = i - p. What are the prime factors of x?
2, 23
Let p = -27 - -15. Suppose -13 = k - 11, 4*o + 5*k - 22 = 0. What are the prime factors of 6*(-147)/p*o/3?
2, 7
Let l = 12766 + -8366. What are the prime factors of l?
2, 5, 11
List the prime factors of (-1 - (-25)/35)/((-5)/(-35))*-6514.
2, 3257
Let q = 38 + -23. Suppose q*v + 1085 = 20*v. List the prime factors of v.
7, 31
Let v be ((-5137)/(-44) - 12)/(1/64). Suppose -33*k - v = -41*k. What are the prime factors of k?
2, 419
Let t(k) = -k**3 - 14*k**2 - 21*k - 32. Suppose -4*y - 60 = -8. What are the prime factors of t(y)?
2, 3
Suppose 5*b - 11 = -1, 4*g = -b + 402. Let y = g + -100. Let n(h) = -h**2 + 7*h + 86. List the prime factors of n(y).
2, 43
Suppose i = 2*i + 4*k - 2, 3*k - 4 = -2*i. Suppose 0 = -3*h + 15 - 3, -i*h - 492 = 5*f. Let d = f + 198. What are the prime factors of d?
2, 7
Let s be (14/5 - 4)/(9/(-30)). Suppose -4*p + 3472 = 4*i, -4*i = -0*i - s. What are the prime factors of p?
3, 17
Suppose -18*d = -15*d - 15. Suppose 2*f + d*t = 358, 7 - 9 = -t. List the prime factors of f.
2, 3, 29
Let j = 110898 - 47742. What are the prime factors of j?
2, 3, 19, 277
Let n be 216/99 - (-1)/((-22)/4). Suppose n*h = -16 + 490. List the prime factors of h.
3, 79
Let a be (-1)/((-3)/6 + 1). What are the prime factors of a/14 + 63504/343?
5, 37
Let i(g) = -131*g + 129*g + 63 + 20. List the prime factors of i(-12).
107
Let z(g) = g**3 - 4*g**2 + 2. Let q be z(4). Let b(k) = -9*k + 2*k**q - 5*k**2 + 2*k**2 + 4. What are the prime factors of b(-9)?
2
Let v(n) = -2 + 2 + 5*n + 18. Let f = 419 - 411. What are the prime factors of v(f)?
2, 29
Let k(h) = 33*h**2 + 51*h + 489. What are the prime factors of k(-12)?
3, 1543
Let t(l) = -l**3 + 11*l**2 + 19*l - 68. Let q be t(12). Let b(g) = 6*g**2 - 26*g + 25. What are the prime factors of b(q)?
5, 229
Suppose -987*y + 992*y = 7370. Let h = -724 + y. List the prime factors of h.
2, 3, 5
What are the prime factors of 4/20 + 2228928/235?
5, 7, 271
Let d = 768 + -536. Suppose -d*q - 798 = -235*q. What are the prime factors of q?
2, 7, 19
Let o(n) = -277*n**2 + n + 3552. What are the prime factors of o(0)?
2, 3, 37
Let s(t) = -2*t**3 - 12*t**2 + 12*t - 13. Let g be s(-16). Suppose 5*w - g = -5*b, -b + 2*b = w + 991. List the prime factors of b.
3, 7, 47
Let x = 357 + -177. What are the prime factors of (-36)/x - 3371/(-5)?
2, 337
Let f = -199 - -174. What are the prime factors of f + 374 - (4 + 2)?
7
Let m = -30417 - -70505. List the prime factors of m.
2, 5011
Let g be (-21)/(-14)*56/3. Suppose 2*m - g = 4*z - 2*z, m - 3*z = 12. Suppose -f - 33 = -j, -2*f = j - m - 9. What are the prime factors of j?
2, 3, 5
What are the prime factors of (2/4 + 1)*(96 + 4568)?
2, 3, 11, 53
Let a be 1*(-4 + (-9)/(-1)). Suppose u + 5*r - 2 = 1, a*u - 4*r + 14 = 0. List the prime factors of -48*(16/12 + u).
2
Let x = -74 - -82. Suppose x*z = 34 + 62. List the prime factors of 5/((-20)/z) - 270/(-3).
3, 29
Let u(t) = -18*t**2 + 4*t + 2. Let w be u(4). Let d = -10 - w. Let l = d - 153. What are the prime factors of l?
107
Suppose 959 = 34*w - 41*w. Let n = w - -280. List the prime factors of n.
11, 13
Let o(q) = -q + 15. Let z be o(10). Suppose 0 = -z*p + a + 10, -p + 2*a + 4 = p. Suppose p*b = -2, -x - 2*b - 602 = -5*x. What are the prime factors of x?
2, 3, 5
Let q = -680 - -1639. Let w = 1786 - q. List the prime factors of w.
827
What are the prime factors of 12 - (-637160)/48 - (20/(-24) - 0)?
3, 43, 103
Suppose -5*c + 382 = 247. Let t = c - 22. Suppose -h = 0, 7*q - t*h = 4*q + 408. What are the prime factors of q?
2, 17
What are the prime factors of 346320/40 - (4 - 3)?
11, 787
Suppose 0 = 856*o - 904*o + 2007360. List the prime factors of o.
2, 3, 5, 17, 41
Suppose -f - 63 = 880. Let n = 1717 + f. What are the prime factors of n?
2, 3, 43
Let s(g) = 5*g - 28. Let t(w) = w**3 - 9*w**2 + 14*w + 8. Let l be t(7). Let z be s(l). Suppose -20 - z = -c. List the prime factors of c.
2
Let l = 2439 + -884. Suppose -7*t - l = -4698. List the prime factors of t.
449
Suppose -2*u - 8*x = -6*x - 3966, 0 = u - 3*x - 1975. Let b = u + -973. List the prime factors of b.
2, 3, 7
Suppose 1384 - 130054 = -5*s + 5*d, 0 = -3*s - 5*d + 77226. List the prime factors of s.
3, 23, 373
List the prime factors of 2/8 + 104909*(-12)/(-336).
3, 1249
Let r(g) = 1961*g - 1181. List the prime factors of r(6).
5, 29, 73
What are the prime factors of 28669300/1485 - (-8)/108?
2, 7, 197
Let k(y) = y**2 - 10*y - 4. Let d be k(12). What are the prime factors of 4848/15*d/8?
2, 101
What are the prime factors of (7 - (-3)/((-3)/2)) + -1 + 23577?
23581
Suppose 3*j - 13*j - 28*j + 71554 = 0. What are the prime factors of j?
7, 269
Let h be 6/4*(-24)/(-9). Suppose 0 = -0*n - h*n + 12. Suppose 288 = 3*s - n*q, 0 = s + 4*s - 2*q - 471. List the prime factors of s.
3, 31
Suppose 10*f - 25 = 5. Let g be (-62)/f*15*5/(-10). Suppose -2*b + 105 = -g. List the prime factors of b.
2, 5, 13
Suppose -31*m + 39*m = 23168. What are the prime factors of m?
2, 181
Let i(r) = -4101*r - 2094. What are the prime factors of i(-3)?
3, 41, 83
Let j(q) = 7*q**2 + 8*q + 12. Suppose 0 = -2*s - 3*s + l + 1, 1 = s - l. Suppose s = -4*v - 45 + 29. What are the prime factors of j(v)?
2, 23
Suppose 5*q + 5*p - 39949 - 309251 = 0, -2*p - 139716 = -2*q. What are the prime factors of q?
3, 13, 199
Suppose -3*k + 8499 = -3*n + 4*n, 16994 = 2*n + 4*k. List the prime factors of n.
3, 19, 149
Suppose 45*l - 43*l - 20 = 0. Let c(w) = -2*w**2 + 21*w - 8. Let i be c(l). Suppose 0 = -4*r - 3*u - 63 + 293, i*r + 2*u - 116 = 0. List the prime factors of r.
2, 7
Let h be 20 - (0 - -1)/1. Let b = h + -17. Suppose 191 = b*n + r, -5*r = 3*n - 3*r - 288. List the prime factors of n.
2, 47
Let p = -7485 - -22846. What are the prime factors of p?
15361
Let w(r) = r**3 + 10*r**2 - 19*r + 23. Let s be w(-14). Let h = s + 1005. What are the prime factors of h?
2, 3, 5, 17
List the prime factors of (66/(-15))/(12 + (-37888)/3160)*-46.
11, 23, 79
Suppose -65*u + 48*u = -20434. List the prime factors of u.
2, 601
Let r(z) = -2*z**3 + 15*z**2 - 6*z - 2. Let x be r(7). Suppose -1100 = -2*m - i + x*i, -5*i = 3*m - 1672. What are the prime factors of m?
2, 277
Let t(j) = j**3 + 12*j**2 + 22*j + 7. Let h be (10/16 - 3/24)*2. Let x be -1 - (1 + h + 3). What are the prime factors of t(x)?
7, 13
Suppose 12*d = 6*d + 30. Suppose 3*l - 2*l = d*t - 21, 4*t - 14 = -2*l. Suppose -k = 3*k - 5*x - 491, -t*x + 226 = 2*k. What are the prime factors of k?
7, 17
Suppose 6661 + 2738 = 13*d. List the prime factors of -5 - 1*(5 - d/3).
3, 7, 11
Suppose 5*d = 5*k - 2700, -2*d - 374 + 2014 = 3*k. Suppose -k*u + 10000 = -536*u. What are the prime factors of u?
2, 5
Let c be (-12)/(-36)*(-6 - 0). Let l be (5 - 0) + 1 + c. Suppose 0 = -l*j + 4*p + 1068, 2*p - 1343 = -5*j - p. List the prime factors of j.
2, 67
Suppose 4*n = -4*d + 25516, 5*n - 3*d + 2*d = 31907. List the prime factors of n.
3, 709
Let j(f) = 31*f**3 + 8*f**2 + 17*f - 68. List the prime factors of 